emainder when f(-6) is divided by 22.
19
Suppose 5*v + 5*o + 6 = o, 0 = -2*o + 2. Let n = 14 + -10. Calculate the remainder when n is divided by 13/5 + v/(-5).
1
Suppose 0*k + 5*k - 75 = 4*a, 0 = -4*a - 20. Let s(b) = k*b + 4 + 6 + 2*b**2 - 2. What is the remainder when s(-7) is divided by 8?
5
Suppose -4*z + 14 = -42. Let u be (-6149)/44 - 2/8. Let k = -86 - u. What is the remainder when k is divided by z?
12
Let w(r) be the first derivative of 2*r**3/3 + r**2 - 2. Suppose -4*i - 63 = -5*k, 2*k + 0*k + 5*i - 12 = 0. Calculate the remainder when k is divided by w(-2).
3
Let l(i) = 56*i**2 + 5*i + 4. What is the remainder when l(-1) is divided by 19?
17
What is the remainder when 19 is divided by 2*2*115/46?
9
Suppose y - 51 = -2*g, 5*y + 17 = -4*g + 134. Calculate the remainder when 43 is divided by g.
20
What is the remainder when 7743/(-58)*(1 - (-5)/(-3)) is divided by 9?
8
Suppose -3*f = f - 36. Let y = f + -6. What is the remainder when 7 is divided by y?
1
Let s(p) = 7*p - 2. Let h be s(4). Let n = -15 + h. Let r(b) = -b**2 + 12*b - 7. What is the remainder when n is divided by r(11)?
3
Suppose -19*b = -6*b - 117. What is the remainder when 43 is divided by b?
7
Let t be (-3)/5 - (-86)/10. Let m = 9 + t. Let b(w) = -6*w - 1. Calculate the remainder when m is divided by b(-1).
2
Let s be -13 - (-2 + 2 + 2). Let w = 33 + s. Suppose 2*q - 6 - w = 0. Calculate the remainder when 23 is divided by q.
11
Let k(c) = c**3 + 8*c**2 + 6*c - 5. What is the remainder when 61 is divided by k(-6)?
30
Let u = 7 - -13. Let i(v) = -v**3 + 2*v**2 + 2. Let j be i(2). Let p(h) = 2*h**2 - 1. What is the remainder when u is divided by p(j)?
6
Suppose -z + 5*z = -340. Let g = -4 - z. Calculate the remainder when g is divided by 28.
25
Let g be (-8)/6*6/(-4). Let n be g/(1*(-2)/(-7)). Suppose 4*h - 21 = s, 3*s + 28 - n = 5*h. What is the remainder when h is divided by 4?
2
Let s be -3 + 6 - 9/3. Suppose 4*a - a - 21 = s. Suppose b - 10 = -3*n, 3*b - 5 = -3*n + 13. What is the remainder when a is divided by b?
3
What is the remainder when 2/3 - (-938)/42 is divided by 13?
10
Suppose 4*w - 5*w = -43. Suppose -4*a = -9 + 1. Suppose 7*c - 75 = a*c. What is the remainder when w is divided by c?
13
Suppose 3*v - 2*m - 44 = 0, 3*m - 73 = -5*v + 6*m. Calculate the remainder when 40 is divided by v.
12
Let m(r) = -2*r - 20. Calculate the remainder when ((-2)/5)/(2/(-20)) is divided by m(-11).
0
Let n = -49 - -33. Calculate the remainder when 47 is divided by 0/(2 - -1) - n.
15
Let w(a) = -a**3 + 4*a**2 + 6*a - 2. Let l be w(5). Suppose -5*r = m + 95, -33 = r - 0*r + l*m. What is the remainder when 3/(-6)*-2 - r is divided by 10?
9
What is the remainder when (-20675)/(-175) - 2/14 is divided by 31?
25
What is the remainder when 4 + (-120)/28 + (-550)/(-14) is divided by 14?
11
Let h(w) = -2*w**3 - 3*w**2 - 4*w - 3. Let d(a) = -a**3 + 12*a**2 - 9*a - 3. What is the remainder when h(-3) is divided by d(11)?
17
Suppose -5*q - 179 = -4*k, -3*q = -3*k + 142 - 10. What is the remainder when k is divided by 22?
19
Suppose -2*g + g = 0. Suppose g*b - 4*b = -36. Calculate the remainder when 14 is divided by b.
5
Suppose 5*r = -n + 53, n = -4*r + 3*n + 34. What is the remainder when 48 is divided by r?
8
Let x = -5 - 25. What is the remainder when 3 is divided by (-20)/x*9/2?
0
Let j be ((-3)/(-5))/(5/25). Suppose 10 = j*d - 11. Calculate the remainder when 11 is divided by d.
4
Calculate the remainder when 21 is divided by 4/(4/2) + 10.
9
Suppose 5 = 4*j - 3*j. What is the remainder when 14 is divided by j?
4
Let u = 0 + 6. Let f = u + -4. What is the remainder when 2 is divided by f?
0
Let y = 105 - 22. What is the remainder when y is divided by 14?
13
Let m(z) = 2*z. What is the remainder when 58 is divided by m(5)?
8
Let x = 18 - 8. Let g = 15 - x. Suppose k + 8 = g*k. Calculate the remainder when 6 is divided by k.
0
Let t(y) = 15*y + 7. Let o(j) = 7*j + 4. Let c(i) = -5*o(i) + 2*t(i). What is the remainder when c(-8) is divided by (-2 - 1)/((-3)/18)?
16
Suppose 2 + 9 = -2*x + 3*p, -4 = -5*x - 3*p. Let q(k) = -7*k - 2. What is the remainder when 7 is divided by q(x)?
2
Suppose -y + 4*y - 21 = 0. Let n(l) = -3*l - 8. Calculate the remainder when n(-7) is divided by y.
6
Let c(r) = r**3 - 3*r**2 - r - 1. Let f = 12 - 27. What is the remainder when c(4) is divided by 32/5 + 6/f?
5
Let x = 9 + -3. What is the remainder when ((-40)/5)/(4/(-10)) is divided by x?
2
Let f(w) = -w**2 + 4*w - 1. Let r be 1 + (-1)/1*-2. Calculate the remainder when (6 + 120/(-21))*14/2 is divided by f(r).
0
Suppose -4*u + u + 12 = 0. Let d = 2 - u. Calculate the remainder when 5 is divided by 0 - (-4 + 0 - d).
1
What is the remainder when (0 - 1)/((-2)/((-12)/(-1))) is divided by (-1 + 5)*(-2 - -3)?
2
Let f(r) = r**2 - r - 8. Let q be f(0). Calculate the remainder when (8/10)/(q/(-20)) is divided by 2.
0
Let m = 11 + -6. Let u = 18 - m. What is the remainder when u is divided by 5?
3
Suppose 1 = 2*g + 4*f - 23, 0 = -g + f + 27. Calculate the remainder when 85 is divided by g.
19
Let i(z) = z**2 - 6*z + 6. Let y be i(6). Calculate the remainder when 10 is divided by 3/2*16/y.
2
Let c = 26 + -2. What is the remainder when c is divided by (-35)/(-4) + 3/12?
6
Let p(s) = -s**2 - 10*s - 14. Let u be p(-7). Suppose 8 + u = 3*j. What is the remainder when 17 is divided by j?
2
Suppose -60 + 54 = -y. What is the remainder when 17 is divided by y?
5
Let o(j) = j**2 + 2. Calculate the remainder when o(-7) is divided by 26.
25
Suppose 0*o + 126 = 6*o. Let v = -18 + o. What is the remainder when (-6)/27 + 148/18 is divided by v?
2
Suppose 2*w = 0, -4*q = 2*w - w + 12. What is the remainder when 77 is divided by (5/(-3))/(q/36)?
17
Let g be ((-2 - 1) + 3)*1. Suppose 4*c + g = 24. Calculate the remainder when c is divided by 2.
0
Suppose 0 = -2*h + 4*n + 4, -3*n - 2*n = -h - 1. Suppose -u + 15 = -0*u. What is the remainder when u is divided by h?
3
Let i(q) = q**2 + 12*q + 7. What is the remainder when i(-14) is divided by 19?
16
Suppose -2*k + 3 - 25 = 0. Let s = k + 16. What is the remainder when s is divided by 2?
1
Suppose -3 = -4*d - 7. Let f(p) = -17*p + 1. Let i be f(d). Suppose -i = -2*q + 2*x + 30, 2*x = -4*q + 84. Calculate the remainder when q is divided by 6.
4
Suppose 0 = 2*m + w - 21, m - 5*m + w = -39. Calculate the remainder when 88 is divided by m.
8
Let v be ((-2214)/(-45))/((-2)/(-5)). Let q(s) = -s**2 - 7*s - 4. Let r be q(-5). Suppose r*f - 3*f = v. Calculate the remainder when f is divided by 21.
20
Suppose -4*v + 2*g = 5*g - 116, -3*v - 3*g = -87. Let a(i) = -2*i**2 - 41*i + 31. Calculate the remainder when v is divided by a(-21).
9
Let k(p) = -p**3 + 7*p**2 + p - 5. Let j be k(7). Suppose -j*z - 12 = -128. Calculate the remainder when z is divided by 15.
13
Suppose 15 = -d + 2*b, -5*d + 4*b = 64 + 11. Let u = d + 38. Let t(w) = -w**2 - 8*w - 3. What is the remainder when u is divided by t(-3)?
11
Let x(t) = -13*t. Suppose 4*j + 6*d - 2*d + 12 = 0, 4*j - 5*d - 6 = 0. Calculate the remainder when (-5)/(-10) + (-49)/(-2) is divided by x(j).
12
Let t be 3 + 0 + (-6)/(-3). Suppose 4*d = m - 7, -t*m + 0*m + 35 = 2*d. Let l(r) = r**3 + 7*r**2 + 6*r - 1. What is the remainder when l(-5) is divided by m?
5
Suppose 3*y - 40 = -2*y. Calculate the remainder when 54 is divided by y.
6
Let u = -3 - -3. Let t = u - 0. Suppose 4*r + t*r = 24. What is the remainder when r is divided by 2?
0
Suppose 7 = 2*w - 5. What is the remainder when ((-1)/(-3))/(w/414) is divided by 12?
11
Let u = -46 - -71. Suppose -21 = -2*m - m. What is the remainder when u is divided by m?
4
Let a(x) = x**3 - 4*x**2 + 2*x - 5. What is the remainder when a(5) is divided by 17?
13
Suppose -2*z + 40 = -4*a, 3*z + 5*a = -z + 80. Calculate the remainder when 76 is divided by z.
16
Suppose -4*g + 3*g + 22 = 0. Let o = g + -15. Calculate the remainder when o is divided by 4.
3
Let f(n) = n**3 - 3*n**2 - 4*n + 4. What is the remainder when f(4) is divided by 3?
1
Suppose -4*g = -15 + 3. Suppose 2*w - 15 = -g*w. Calculate the remainder when 7 is divided by 2/2 + (5 - w).
1
Let u = 13 - 2. What is the remainder when 43 is divided by u?
10
Let g be 3/(1 - -4 - 4). Let a(h) = h**2 - 2*h. Let c be a(2). Suppose -10 = -c*b + 5*b, -g*b = 4*y - 2